{"id":18,"date":"2025-11-04T16:31:24","date_gmt":"2025-11-04T16:31:24","guid":{"rendered":"https:\/\/fallensfastigheter.se\/startsida\/"},"modified":"2025-11-24T22:30:25","modified_gmt":"2025-11-24T22:30:25","slug":"startsida","status":"publish","type":"page","link":"https:\/\/fallensfastigheter.se\/","title":{"rendered":"Startsida"},"content":{"rendered":"\n<div class=\"wp-block-group alignfull has-tertiary-background-color has-background is-layout-constrained wp-container-core-group-is-layout-2bc1b312 wp-block-group-is-layout-constrained\" id=\"kontakt\" style=\"margin-top:0;margin-bottom:0;padding-top:var(--wp--preset--spacing--60);padding-bottom:var(--wp--preset--spacing--60)\">\n<div class=\"wp-block-group is-layout-constrained wp-block-group-is-layout-constrained\">\n<h4 class=\"wp-block-heading has-text-align-center\">Mer \u00e4n bara fastigheter &#8211; Vi skapar hem och arbetsplatser<\/h4>\n<\/div>\n<\/div>\n\n\n\n<p><\/p>\n\n\n\n<div class=\"wp-block-columns is-layout-flex wp-container-core-columns-is-layout-28f84493 wp-block-columns-is-layout-flex\">\n<div class=\"wp-block-column is-layout-flow wp-block-column-is-layout-flow\" style=\"flex-basis:100%\">\n<ul class=\"wp-block-list\">\n<li>Hos Fallens Fastigheter hittar du mer \u00e4n bara fastigheter \u2013 vi erbjuder hem, kontor och butikslokaler p\u00e5 b\u00e4sta platser i Trestad.<\/li>\n\n\n\n<li>Med fokus p\u00e5 service och l\u00e5ngsiktiga relationer skapar vi utrymme d\u00e4r b\u00e5de hyresg\u00e4ster och f\u00f6retag kan blomstra.<\/li>\n<\/ul>\n<\/div>\n<\/div>\n\n\n\n<ul class=\"wp-block-list\">\n<li><strong>Ny \u00e4gare \u2013 samma trygga fastighet<\/strong><br><strong>Fallens Fastigheter AB<\/strong>&nbsp;\u00e4r nu stolt \u00e4gare av&nbsp;<strong>Trollh\u00e4ttan Trollet 2<\/strong>.<\/li>\n<\/ul>\n\n\n\n<div class=\"wp-block-group is-vertical is-layout-flex wp-container-core-group-is-layout-fe9cc265 wp-block-group-is-layout-flex\">\n<p class=\"has-text-align-left\">Vi tar \u00f6ver fr\u00e5n&nbsp;<strong>Rentus Holding AB<\/strong>&nbsp;med m\u00e5let att forts\u00e4tta utveckla fastigheten, skapa trivsel och trygga hem samt moderna lokaler.<br>Hyresg\u00e4ster kan r\u00e4kna med stabilitet och god service \u2013 med Fallens Fastigheter blir framtiden \u00e4nnu b\u00e4ttre!<\/p>\n<\/div>\n\n\n\n<p><\/p>\n","protected":false},"excerpt":{"rendered":"<p>Mer \u00e4n bara fastigheter &#8211; Vi skapar hem och arbetsplatser Vi tar \u00f6ver fr\u00e5n&nbsp;Rentus Holding AB&nbsp;med m\u00e5let att forts\u00e4tta utveckla fastigheten, skapa trivsel och trygga hem samt moderna lokaler.Hyresg\u00e4ster kan r\u00e4kna med stabilitet och god service \u2013 med Fallens Fastigheter blir framtiden \u00e4nnu b\u00e4ttre!<\/p>\n","protected":false},"author":1,"featured_media":0,"parent":0,"menu_order":0,"comment_status":"closed","ping_status":"closed","template":"","meta":{"footnotes":""},"class_list":["post-18","page","type-page","status-publish","hentry"],"blocksy_meta":{"has_hero_section":"disabled","styles_descriptor":{"styles":{"desktop":"[data-prefix=\"single_page\"] {background-color:initial;background-image:linear-gradient(0deg,rgb(38,51,83) 0%,rgb(83,120,149) 100%);} [data-prefix=\"single_page\"] [class*=\"ct-container\"] > article[class*=\"post\"] {--has-boxed:var(--true);--has-wide:var(--false);background-color:var(--has-background, rgba(0, 0, 0, 0.12));--theme-boxed-content-border-radius:3px;--theme-boxed-content-spacing:40px;--theme-boxed-content-box-shadow:0px 12px 18px -6px rgba(34, 56, 101, 0.04);}","tablet":"","mobile":""},"google_fonts":[],"version":6},"page_structure_type":"default","content_style_source":"custom","content_style":"boxed","vertical_spacing_source":"inherit","background":{"background_type":"gradient","background_pattern":"type-1","background_image":{"attachment_id":null,"x":0,"y":0},"gradient":"linear-gradient(0deg,rgb(38,51,83) 0%,rgb(83,120,149) 100%)","background_repeat":"repeat","background_size":"auto","background_attachment":"scroll","patternColor":{"default":{"color":"#e5e7ea"}},"overlayColor":{"default":{"color":"CT_CSS_SKIP_RULE"}},"backgroundColor":{"default":{"color":"#2488be"}}},"content_background":{"background_type":"color","background_pattern":"type-1","background_image":{"attachment_id":null,"x":0,"y":0},"gradient":"linear-gradient(176deg,rgb(6,21,42) 0%,rgb(48,72,87) 99%)","background_repeat":"repeat","background_size":"auto","background_attachment":"scroll","patternColor":{"default":{"color":"#e5e7ea"}},"overlayColor":{"default":{"color":"CT_CSS_SKIP_RULE"}},"backgroundColor":{"default":{"color":"rgba(0, 0, 0, 0.12)"}}},"boxed_content_spacing":{"state":1,"values":[{"value":40,"unit":"px"},{"value":40,"unit":"px"},{"value":40,"unit":"px"},{"value":40,"unit":"px"}],"custom":""}},"aioseo_notices":[],"_links":{"self":[{"href":"https:\/\/fallensfastigheter.se\/index.php?rest_route=\/wp\/v2\/pages\/18","targetHints":{"allow":["GET"]}}],"collection":[{"href":"https:\/\/fallensfastigheter.se\/index.php?rest_route=\/wp\/v2\/pages"}],"about":[{"href":"https:\/\/fallensfastigheter.se\/index.php?rest_route=\/wp\/v2\/types\/page"}],"author":[{"embeddable":true,"href":"https:\/\/fallensfastigheter.se\/index.php?rest_route=\/wp\/v2\/users\/1"}],"replies":[{"embeddable":true,"href":"https:\/\/fallensfastigheter.se\/index.php?rest_route=%2Fwp%2Fv2%2Fcomments&post=18"}],"version-history":[{"count":11,"href":"https:\/\/fallensfastigheter.se\/index.php?rest_route=\/wp\/v2\/pages\/18\/revisions"}],"predecessor-version":[{"id":191,"href":"https:\/\/fallensfastigheter.se\/index.php?rest_route=\/wp\/v2\/pages\/18\/revisions\/191"}],"wp:attachment":[{"href":"https:\/\/fallensfastigheter.se\/index.php?rest_route=%2Fwp%2Fv2%2Fmedia&parent=18"}],"curies":[{"name":"wp","href":"https:\/\/api.w.org\/{rel}","templated":true}]}}